 18000.
2, 3, 5
What are the prime factors of 1834?
2, 7, 131
List the prime factors of 1072.
2, 67
List the prime factors of 23715.
3, 5, 17, 31
List the prime factors of 3542.
2, 7, 11, 23
List the prime factors of 202333.
29, 6977
What are the prime factors of 18158?
2, 7, 1297
List the prime factors of 128.
2
List the prime factors of 5106.
2, 3, 23, 37
List the prime factors of 4605.
3, 5, 307
List the prime factors of 18754.
2, 9377
What are the prime factors of 75892?
2, 18973
What are the prime factors of 1574?
2, 787
List the prime factors of 14060.
2, 5, 19, 37
List the prime factors of 13083.
3, 7, 89
What are the prime factors of 933?
3, 311
List the prime factors of 12973.
12973
What are the prime factors of 5200?
2, 5, 13
List the prime factors of 4156.
2, 1039
What are the prime factors of 3307?
3307
List the prime factors of 7714.
2, 7, 19, 29
What are the prime factors of 1813?
7, 37
What are the prime factors of 24779?
71, 349
What are the prime factors of 526?
2, 263
List the prime factors of 39750.
2, 3, 5, 53
List the prime factors of 4.
2
What are the prime factors of 384?
2, 3
What are the prime factors of 14075?
5, 563
What are the prime factors of 722?
2, 19
What are the prime factors of 2204?
2, 19, 29
List the prime factors of 5762.
2, 43, 67
List the prime factors of 1748.
2, 19, 23
List the prime factors of 9573.
3, 3191
List the prime factors of 4561.
4561
What are the prime factors of 29915?
5, 31, 193
List the prime factors of 100940.
2, 5, 7, 103
What are the prime factors of 26753?
31, 863
List the prime factors of 67098.
2, 3, 53, 211
What are the prime factors of 24528?
2, 3, 7, 73
List the prime factors of 1190.
2, 5, 7, 17
List the prime factors of 15816.
2, 3, 659
List the prime factors of 16319.
16319
What are the prime factors of 1968?
2, 3, 41
What are the prime factors of 6459?
3, 2153
What are the prime factors of 16568?
2, 19, 109
List the prime factors of 140.
2, 5, 7
List the prime factors of 77751.
3, 53, 163
List the prime factors of 31897.
167, 191
List the prime factors of 17496.
2, 3
What are the prime factors of 657?
3, 73
What are the prime factors of 31229?
11, 17, 167
What are the prime factors of 4739?
7, 677
List the prime factors of 3836.
2, 7, 137
List the prime factors of 10972.
2, 13, 211
List the prime factors of 429.
3, 11, 13
What are the prime factors of 356?
2, 89
List the prime factors of 27155.
5, 5431
What are the prime factors of 22406?
2, 17, 659
List the prime factors of 393.
3, 131
List the prime factors of 17436.
2, 3, 1453
List the prime factors of 16408.
2, 7, 293
What are the prime factors of 80314?
2, 13, 3089
List the prime factors of 57443.
17, 31, 109
What are the prime factors of 6121?
6121
What are the prime factors of 6242?
2, 3121
List the prime factors of 37845.
3, 5, 29
List the prime factors of 47158.
2, 17, 19, 73
List the prime factors of 10360.
2, 5, 7, 37
What are the prime factors of 3404?
2, 23, 37
List the prime factors of 14197.
14197
What are the prime factors of 1438?
2, 719
What are the prime factors of 35740?
2, 5, 1787
What are the prime factors of 3134?
2, 1567
List the prime factors of 29773.
19, 1567
List the prime factors of 22069.
29, 761
List the prime factors of 5881.
5881
List the prime factors of 5072.
2, 317
List the prime factors of 546.
2, 3, 7, 13
List the prime factors of 400.
2, 5
List the prime factors of 6721.
11, 13, 47
What are the prime factors of 35999?
35999
What are the prime factors of 1392?
2, 3, 29
What are the prime factors of 151?
151
What are the prime factors of 3266?
2, 23, 71
What are the prime factors of 978?
2, 3, 163
What are the prime factors of 7074?
2, 3, 131
What are the prime factors of 366?
2, 3, 61
What are the prime factors of 30940?
2, 5, 7, 13, 17
What are the prime factors of 26466?
2, 3, 11, 401
List the prime factors of 44048.
2, 2753
List the prime factors of 16600.
2, 5, 83
What are the prime factors of 61418?
2, 7, 41, 107
List the prime factors of 2650.
2, 5, 53
What are the prime factors of 84862?
2, 151, 281
What are the prime factors of 15760?
2, 5, 197
List the prime factors of 7700.
2, 5, 7, 11
List the prime factors of 1052.
2, 263
List the prime factors of 4204.
2, 1051
List the prime factors of 95257.
95257
List the prime factors of 65376.
2, 3, 227
List the prime factors of 21503.
21503
What are the prime factors of 55628?
2, 13907
List the prime factors of 78950.
2, 5, 1579
List the prime factors of 10452.
2, 3, 13, 67
List the prime factors of 16108.
2, 4027
What are the prime factors of 12880?
2, 5, 7, 23
What are the prime factors of 23439?
3, 13, 601
What are the prime factors of 135048?
2, 3, 17, 331
List the prime factors of 12172.
2, 17, 179
List the prime factors of 112742.
2, 7, 8053
What are the prime factors of 2548?
2, 7, 13
List the prime factors of 4973.
4973
What are the prime factors of 1096?
2, 137
What are the prime factors of 5193?
3, 577
List the prime factors of 3733.
3733
List the prime factors of 822.
2, 3, 137
List the prime factors of 9284.
2, 11, 211
What are the prime factors of 11212?
2, 2803
What are the prime factors of 489?
3, 163
What are the prime factors of 140?
2, 5, 7
List the prime factors of 2257.
37, 61
What are the prime factors of 5529?
3, 19, 97
What are the prime factors of 3907?
3907
List the prime factors of 2488.
2, 311
What are the prime factors of 6176?
2, 193
What are the prime factors of 29600?
2, 5, 37
What are the prime factors of 32479?
32479
List the prime factors of 2792.
2, 349
List the prime factors of 2546.
2, 19, 67
What are the prime factors of 6490?
2, 5, 11, 59
What are the prime factors of 1488?
2, 3, 31
List the prime factors of 45338.
2, 22669
What are the prime factors of 5349?
3, 1783
List the prime factors of 556.
2, 139
What are the prime factors of 5499?
3, 13, 47
What are the prime factors of 40731?
3, 13577
List the prime factors of 11359.
37, 307
List the prime factors of 53726.
2, 26863
List the prime factors of 4213.
11, 383
List the prime factors of 9167.
89, 103
List the prime factors of 425.
5, 17
What are the prime factors of 53683?
7, 7669
What are the prime factors of 12098?
2, 23, 263
List the prime factors of 105708.
2, 3, 23, 383
List the prime factors of 522.
2, 3, 29
List the prime factors of 174.
2, 3, 29
List the prime factors of 10802.
2, 11, 491
List the prime factors of 2289.
3, 7, 109
What are the prime factors of 36?
2, 3
List the prime factors of 47794.
2, 23, 1039
What are the prime factors of 9219?
3, 7, 439
List the prime factors of 149.
149
What are the prime factors of 21065?
5, 11, 383
What are the prime factors of 1005?
3, 5, 67
List the prime factors of 7949.
7949
List the prime factors of 4169.
11, 379
List the prime factors of 2176.
2, 17
List the prime factors of 2002.
2, 7, 11, 13
List the prime factors of 2552.
2, 11, 29
What are the prime factors of 8498?
2, 7, 607
List the prime factors of 49485.
3, 5, 3299
List the prime factors of 1195.
5, 239
What are the prime factors of 8175?
3, 5, 109
What are the prime factors of 4364?
2, 1091
List the prime factors of 1361.
1361
List the prime factors of 20267.
13, 1559
What are the prime factors of 101?
101
What are the prime factors of 32323?
32323
List the prime factors of 146343.
3, 48781
List the prime factors of 8010.
2, 3, 5, 89
What are the prime factors of 668?
2, 167
List the prime factors of 23473.
23473
What are the prime factors of 6701?
6701
What are the prime factors of 43623?
3, 37, 131
List the prime factors of 2601.
3, 17
What are the prime factors of 8431?
8431
What are the prime factors of 3970?
2, 5, 397
What are the prime factors of 1606?
2, 11, 73
List the prime factors of 22526.
2, 7, 1609
What are the prime factors of 13849?
11, 1259
What are the prime factors of 626?
2, 313
What are the prime factors of 1444?
2, 19
What are the prime factors of 2404?
2, 601
What are the prime factors of 3293?
37, 89
What are the prime factors of 23563?
23563
List the prime factors of 61001.
61001
List the prime factors of 28315.
5, 7, 809
What are the prime factors of 2543?
2543
List the prime factors of 1062.
2, 3, 59
What are the prime factors of 98441?
7, 41
What are the prime factors of 8436?
2, 3, 19, 37
List the pr